e remainder when 719 is divided by 329.
61
What is the remainder when 152 is divided by 42?
26
Calculate the remainder when 44 is divided by 14.
2
Calculate the remainder when 475 is divided by 60.
55
What is the remainder when 1388 is divided by 107?
104
What is the remainder when 1880 is divided by 624?
8
Calculate the remainder when 480 is divided by 44.
40
What is the remainder when 1345 is divided by 335?
5
Calculate the remainder when 693 is divided by 20.
13
What is the remainder when 62 is divided by 25?
12
Calculate the remainder when 383 is divided by 6.
5
Calculate the remainder when 839 is divided by 35.
34
Calculate the remainder when 42 is divided by 23.
19
Calculate the remainder when 1043 is divided by 66.
53
What is the remainder when 5057 is divided by 722?
3
What is the remainder when 273 is divided by 17?
1
Calculate the remainder when 251 is divided by 33.
20
What is the remainder when 811 is divided by 68?
63
What is the remainder when 550 is divided by 29?
28
Calculate the remainder when 146 is divided by 37.
35
What is the remainder when 327 is divided by 6?
3
Calculate the remainder when 2114 is divided by 15.
14
Calculate the remainder when 598 is divided by 55.
48
What is the remainder when 279 is divided by 75?
54
Calculate the remainder when 39 is divided by 11.
6
What is the remainder when 272 is divided by 21?
20
What is the remainder when 591 is divided by 23?
16
Calculate the remainder when 340 is divided by 12.
4
What is the remainder when 98 is divided by 24?
2
Calculate the remainder when 938 is divided by 216.
74
What is the remainder when 102 is divided by 26?
24
What is the remainder when 2099 is divided by 105?
104
Calculate the remainder when 36 is divided by 34.
2
What is the remainder when 737 is divided by 725?
12
Calculate the remainder when 174 is divided by 90.
84
What is the remainder when 67 is divided by 32?
3
What is the remainder when 11019 is divided by 95?
94
What is the remainder when 607 is divided by 27?
13
Calculate the remainder when 108 is divided by 31.
15
What is the remainder when 80 is divided by 33?
14
Calculate the remainder when 348 is divided by 14.
12
Calculate the remainder when 1805 is divided by 860.
85
What is the remainder when 5576 is divided by 1393?
4
Calculate the remainder when 8710 is divided by 121.
119
Calculate the remainder when 668 is divided by 16.
12
What is the remainder when 2146 is divided by 76?
18
What is the remainder when 134 is divided by 14?
8
Calculate the remainder when 701 is divided by 47.
43
What is the remainder when 70 is divided by 11?
4
What is the remainder when 174 is divided by 49?
27
What is the remainder when 215 is divided by 70?
5
Calculate the remainder when 125 is divided by 19.
11
Calculate the remainder when 459 is divided by 393.
66
What is the remainder when 2087 is divided by 8?
7
Calculate the remainder when 46506 is divided by 419.
416
Calculate the remainder when 242 is divided by 28.
18
What is the remainder when 35524 is divided by 203?
202
What is the remainder when 118 is divided by 47?
24
What is the remainder when 189 is divided by 24?
21
Calculate the remainder when 3112 is divided by 3106.
6
Calculate the remainder when 168 is divided by 57.
54
What is the remainder when 15553 is divided by 183?
181
Calculate the remainder when 89 is divided by 13.
11
Calculate the remainder when 225 is divided by 30.
15
Calculate the remainder when 1225 is divided by 399.
28
What is the remainder when 847 is divided by 23?
19
Calculate the remainder when 1279 is divided by 239.
84
What is the remainder when 104 is divided by 10?
4
Calculate the remainder when 266 is divided by 74.
44
What is the remainder when 85 is divided by 43?
42
What is the remainder when 5632 is divided by 161?
158
Calculate the remainder when 218 is divided by 77.
64
Calculate the remainder when 5978 is divided by 13.
11
Calculate the remainder when 2732 is divided by 455.
2
Calculate the remainder when 17229 is divided by 17.
8
Calculate the remainder when 434 is divided by 49.
42
Calculate the remainder when 34 is divided by 13.
8
Calculate the remainder when 1366 is divided by 72.
70
What is the remainder when 153 is divided by 90?
63
Calculate the remainder when 1100 is divided by 24.
20
Calculate the remainder when 1073 is divided by 89.
5
Calculate the remainder when 1359 is divided by 281.
235
Calculate the remainder when 2191 is divided by 59.
8
Calculate the remainder when 1343 is divided by 8.
7
What is the remainder when 597 is divided by 173?
78
Calculate the remainder when 722 is divided by 237.
11
Calculate the remainder when 145 is divided by 45.
10
Calculate the remainder when 478 is divided by 73.
40
Calculate the remainder when 1042 is divided by 337.
31
What is the remainder when 220 is divided by 24?
4
Calculate the remainder when 72 is divided by 33.
6
What is the remainder when 235 is divided by 112?
11
What is the remainder when 45 is divided by 12?
9
What is the remainder when 269 is divided by 87?
8
What is the remainder when 35 is divided by 9?
8
What is the remainder when 6133 is divided by 15?
13
Calculate the remainder when 93 is divided by 35.
23
What is the remainder when 493 is divided by 460?
33
What is the remainder when 76 is divided by 11?
10
What is the remainder when 23 is divided by 13?
10
What is the remainder when 125 is divided by 40?
5
What is the remainder when 406 is divided by 111?
73
What is the remainder when 90 is divided by 32?
26
Calculate the remainder when 644 is divided by 58.
6
What is the remainder when 185 is divided by 91?
3
Calculate the remainder when 114 is divided by 19.
0
What is the remainder when 223 is divided by 11?
3
What is the remainder when 925 is divided by 16?
13
What is the remainder when 3346 is divided by 62?
60
Calculate the remainder when 358 is divided by 116.
10
What is the remainder when 5179 is divided by 10?
9
What is the remainder when 198 is divided by 104?
94
Calculate the remainder when 351 is divided by 57.
9
Calculate the remainder when 978 is divided by 200.
178
Calculate the remainder when 324 is divided by 71.
40
Calculate the remainder when 581 is divided by 65.
61
What is the remainder when 1709 is divided by 114?
113
What is the remainder when 67 is divided by 15?
7
Calculate the remainder when 467 is divided by 91.
12
What is the remainder when 1069 is divided by 107?
106
What is the remainder when 1071 is divided by 129?
39
Calculate the remainder when 224 is divided by 68.
20
What is the remainder when 852 is divided by 86?
78
What is the remainder when 47 is divided by 13?
8
Calculate the remainder when 837 is divided by 56.
53
Calculate the remainder when 601 is divided by 199.
4
What is the remainder when 162 is divided by 3?
0
Calculate the remainder when 572 is divided by 104.
52
What is the remainder when 804 is divided by 90?
84
Calculate the remainder when 7593 is divided by 12.
9
What is the remainder when 89 is divided by 13?
11
Calculate the remainder when 103 is divided by 21.
19
What is the remainder when 799 is divided by 80?
79
What is the remainder when 225 is divided by 27?
9
What is the remainder when 214 is divided by 107?
0
Calculate the remainder when 93 is divided by 29.
6
Calculate the remainder when 1955 is divided by 163.
162
Calculate the remainder when 9898 is divided by 132.
130
What is the remainder when 15 is divided by 9?
6
Calculate the remainder when 524 is divided by 154.
62
Calculate the remainder when 475 is divided by 53.
51
What is the remainder when 1111 is divided by 221?
6
Calculate the remainder when 446 is divided by 116.
98
Calculate the remainder when 178 is divided by 77.
24
Calculate the remainder when 16379 is divided by 30.
29
Calculate the remainder when 347 is divided by 13.
9
Calculate the remainder when 1934 is divided by 36.
26
Calculate the remainder when 364 is divided by 74.
68
What is the remainder when 16 is divided by 14?
2
Calculate the remainder when 334 is divided by 332.
2
Calculate the remainder when 562 is divided by 142.
136
What is the remainder when 2330 is divided by 12?
2
What is the remainder when 258 is divided by 130?
128
Calculate the remainder when 326 is divided by 82.
80
Calculate